hat is -142 + -11230032?
-11230224
In base 5, what is -10 - -10333112040?
10333112030
In base 9, what is 1005 + 255856?
256862
In base 14, what is 7 + -1dc227?
-1dc220
In base 2, what is -110100111 + 101001001001010011?
101001000010101100
In base 11, what is -54 + -1172a4?
-117348
In base 16, what is 1 - 1f300d?
-1f300c
In base 12, what is 0 + -312b9a56?
-312b9a56
In base 4, what is 11 + 103023111130?
103023111201
In base 10, what is -9146 + -783?
-9929
In base 2, what is 0 - 110110101111011111000?
-110110101111011111000
In base 3, what is -211110110 - -121122112?
-12210221
In base 3, what is 202202200 + 11202110?
221112010
In base 4, what is 1132313 + -1332302?
-133323
In base 2, what is 0 - 1100111010100001011101111?
-1100111010100001011101111
In base 12, what is -58a3 + -6979?
-10660
In base 16, what is -1355 - -220?
-1135
In base 3, what is -122002001110 + -100212?
-122002102022
In base 4, what is 1 + -11302210113?
-11302210112
In base 11, what is 3a1 - 33456?
-33065
In base 12, what is 1a52 - -3474?
5306
In base 3, what is 12 + 10021011210220?
10021011211002
In base 12, what is 289343 - -10?
289353
In base 9, what is 2 - -52705014?
52705016
In base 8, what is 4 + 1110612216?
1110612222
In base 13, what is 334b6a - 5?
334b65
In base 12, what is -3a850 + 336?
-3a516
In base 9, what is 175 - -1887?
2173
In base 2, what is 1100110000011000101000110100 - -100?
1100110000011000101000111000
In base 8, what is -702017 - -1266?
-700531
In base 8, what is -1 - -5542742?
5542741
In base 14, what is 2c - -1778915?
1778943
In base 12, what is -3b1ba + -16?
-3b214
In base 11, what is 4 - -377088?
377091
In base 10, what is -6 - -186442459?
186442453
In base 11, what is -89 + -2308?
-2396
In base 6, what is 424114414 - 4?
424114410
In base 4, what is 0 + -3021233?
-3021233
In base 12, what is 3 - -32123a86?
32123a89
In base 4, what is 2213 + -1131203323?
-1131201110
In base 5, what is 4 + 140123023?
140123032
In base 2, what is -1101110101001101011001010 - -1?
-1101110101001101011001001
In base 9, what is -12 - 2473832?
-2473844
In base 11, what is 27 + 1736345?
1736371
In base 12, what is 65ba12 + 2?
65ba14
In base 15, what is -12a - -2ad1?
29a6
In base 16, what is 49a2d4 - 5?
49a2cf
In base 6, what is 203 - 505123022?
-505122415
In base 12, what is -1511 - 5ba3?
-74b4
In base 13, what is 4a8 + -b129?
-a951
In base 2, what is -1001011100010010010 - -1000?
-1001011100010001010
In base 4, what is -121 - 1213000330?
-1213001111
In base 2, what is -11001110000 - -1110000001011?
1010110011011
In base 11, what is -4 + -18247?
-18250
In base 11, what is -2 + 2140914?
2140912
In base 9, what is 1447 - 26700?
-25242
In base 3, what is -2000 + -10011002221201?
-10011010000201
In base 13, what is 7 - -4cb861?
4cb868
In base 8, what is -12 + 146651120?
146651106
In base 10, what is -5 - -84562619?
84562614
In base 12, what is 5 - -277a8b?
277a94
In base 7, what is 0 - -10056211?
10056211
In base 3, what is 12 - 112122221112100022?
-112122221112100010
In base 9, what is -430835316 + 5?
-430835311
In base 8, what is -12575436 + -4?
-12575442
In base 3, what is -1002221 + 1110111?
100120
In base 14, what is -29 - b2c2b7?
-b2c302
In base 5, what is 21212 - -23222?
44434
In base 11, what is 2a7a5 + -180?
2a625
In base 16, what is -b8 - d1e6f?
-d1f27
In base 4, what is 100 - -10111132003?
10111132103
In base 8, what is -435 + 22544?
22107
In base 16, what is 42a4d - -2f?
42a7c
In base 11, what is 86037 + 646a?
914a6
In base 2, what is -10101111111100011011001011 + -101?
-10101111111100011011010000
In base 8, what is 44 + 15044516?
15044562
In base 4, what is 2232200 - 230321?
2001213
In base 10, what is -331537 + -1804?
-333341
In base 2, what is -1101101110100001011 - -10101100000?
-1101101011110101011
In base 15, what is 3 - -951aa88?
951aa8b
In base 13, what is -ac71b0 + -1c?
-ac71cc
In base 4, what is 12120230 - 11210?
12103020
In base 4, what is 100332 + 1022120?
1123112
In base 7, what is -525602 - -55013?
-440556
In base 9, what is 52848 - -1458?
54417
In base 5, what is -144002441 - 204?
-144003200
In base 3, what is -11220 - 22110022?
-22122012
In base 16, what is 7099f + a?
709a9
In base 9, what is -5 - 326578223?
-326578228
In base 5, what is 3111 + -14041331?
-14033220
In base 10, what is -109030 - 125?
-109155
In base 12, what is -66 + -15b1424?
-15b148a
In base 13, what is a15cc1 + 1a?
a1600b
In base 11, what is 12228 + -2413?
a915
In base 14, what is 3 + -1598a0a?
-1598a07
In base 3, what is 212200012100121 - 2?
212200012100112
In base 15, what is 14 - 2d26cb6?
-2d26ca2
In base 7, what is 5 - -4604114?
4604122
In base 16, what is -a7 + -d8055?
-d80fc
In base 8, what is 7624267 + -35?
7624232
In base 8, what is -13 - 12533221?
-12533234
In base 14, what is -9c03 + -30ba?
-ccbd
In base 13, what is -b - -300c7cc?
300c7c1
In base 14, what is 11 - 3cb2bbd?
-3cb2bac
In base 9, what is -131 - -442438?
442307
In base 3, what is 1022112201112221002 + 11?
1022112201112221020
In base 8, what is -3413416 + 1?
-3413415
In base 3, what is -100 - -110102111212?
110102111112
In base 12, what is -311 + 9b721?
9b410
In base 12, what is -42 - -118861?
11881b
In base 16, what is 7a + -2adc?
-2a62
In base 8, what is -2124656 - 13?
-2124671
In base 12, what is -19a3 + -140?
-1b23
In base 7, what is 44116515 - -3?
44116521
In base 6, what is -1211552 - 124?
-1212120
In base 15, what is -3085524 + -2?
-3085526
In base 5, what is 4 + -2002131410?
-2002131401
In base 15, what is 60e057c - 5?
60e0577
In base 12, what is -33317 - a5?
-33400
In base 10, what is -2196 - -328700?
326504
In base 10, what is -171 + 9421820?
9421649
In base 15, what is 49 + 63b6c8?
63b722
In base 11, what is 15a54185 - 19?
15a54167
In base 3, what is -1 - 11101020022001000?
-11101020022001001
In base 10, what is -77 - 109666?
-109743
In base 9, what is -640877 + 4?
-640873
In base 11, what is -825 - -3880?
3056
In base 13, what is 28513 + -342?
281a1
In base 10, what is 956861 + -3?
956858
In base 2, what is 10010111 + -1001110101001?
-1001100010010
In base 8, what is 55761300 - 2?
55761276
In base 10, what is -7214 + 9326?
2112
In base 2, what is -1110110100011011 + -110011010001?
-1111100111101100
In base 14, what is cc989 - 21?
cc968
In base 11, what is -1 - 1aa4887?
-1aa4888
In base 2, what is -11000000110010001000000 + 10?
-11000000110010000111110
In base 9, what is 257 - -1116516?
1116774
In base 5, what is -42013 + 41112?
-401
In base 3, what is -1 - 2110200211120111?
-2110200211120112
In base 16, what is 41b4 - 1e3?
3fd1
In base 4, what is 1 + -310120111?
-310120110
In base 7, what is -244636104 - 5?
-244636112
In base 15, what is -17 + d717bb?
d717a4
In base 16, what is -56152 + -2dd?
-5642f
In base 5, what is 143 - 10104342?
-10104144
In base 5, what is 4 + -1210430321031?
-1210430321022
In base 10, what is -96 + -15280871?
-15280967
In base 14, what is 14a2d210 - -2?
14a2d212
In base 15, what is -241c20 - 13?
-241c33
In base 2, what is 10000011101110011110011101011 + 11?
10000011101110011110011101110
In base 13, what is -31700c4 + -8?
-31700cc
In base 5, what is 403242420103 - 4?
403242420044
In base 11, what is -25192 - 7a98?
-3217a
In base 4, what is 22 + -31020220?
-31020132
In base 15, what is -18 - -785d19?
785d01
In base 12, what is 3b039a2 + -4?
3b0399a
In base 14, what is 65 - -1a88?
1b0d
In base 2, what is -10101001111010100 + -10000?
-10101001111100100
In base 2, what is 1100110 - 1111111010111100?
-1111111001010110
In base 12, what is -b4 + -2164?
-2258
In base 5, what is -230341 + 44143?
-131143
In base 15, what is 211eb - -57?
21253
In base 8, what is -3 + -3606645?
-3606650
In base 6, what is 34 + -24525003?
-24524525
In base 5, what is 1124 + -1212441004?
-1212434330
In base 11, what is 16 - -2755573?
2755589
In base 9, what is 526376606 + 0?
526376606
In base 16, what is e7 + a3f?
b26
In base 3, what is 200211 - 221111000222?
-221110100011
In base 8, what is 333422632 - -3?
333422635
In base 15, what is -43 + 17b635?
17b5e2
In base 10, what is 12724 + 2980?
15704
In base 10, what is 117 - 13441?
-13324
In base 6, what is -3 - -15332205445?
15332205442
In base 15, what is 4057 - -7ed?
4855
In base 7, what is 30 - 266520200?
-266520140
In base 13, what is -37 - 16c075?
-16c0a